lculate the highest common factor of 162 and 57726.
54
Calculate the highest common factor of 22701 and 966.
483
What is the highest common factor of 1226 and 2538433?
613
Calculate the greatest common divisor of 96 and 17028.
12
What is the greatest common divisor of 134372 and 140?
28
Calculate the greatest common factor of 13415 and 3.
1
What is the highest common divisor of 6724 and 1516?
4
What is the greatest common divisor of 60 and 75555?
15
What is the greatest common factor of 14609 and 21?
7
What is the highest common divisor of 1274 and 344890?
182
What is the greatest common factor of 47167 and 1717?
101
What is the greatest common factor of 120 and 25260?
60
What is the highest common divisor of 1599 and 25818?
39
What is the highest common divisor of 89762 and 158903?
1213
What is the greatest common divisor of 537647 and 1221?
407
What is the highest common factor of 4615 and 13520?
65
Calculate the greatest common factor of 10 and 23625.
5
Calculate the highest common divisor of 1364 and 220.
44
What is the highest common factor of 1757581 and 49?
49
What is the greatest common divisor of 69 and 7337?
23
Calculate the greatest common divisor of 30721 and 16771.
31
What is the greatest common factor of 873972 and 66?
66
What is the highest common divisor of 1024 and 1608?
8
Calculate the highest common divisor of 814134 and 282.
282
What is the highest common divisor of 3179 and 2288?
11
What is the highest common factor of 8 and 16562?
2
What is the highest common divisor of 15700 and 8280?
20
Calculate the highest common divisor of 2323326 and 186.
186
Calculate the highest common divisor of 255 and 22865.
85
Calculate the greatest common divisor of 113 and 1680197.
113
Calculate the highest common factor of 4081 and 22099.
77
What is the highest common factor of 164227 and 1015?
203
What is the greatest common divisor of 3191833 and 331?
331
What is the greatest common divisor of 438 and 24382?
146
Calculate the greatest common factor of 345 and 27462.
69
Calculate the greatest common divisor of 162 and 2524932.
162
What is the greatest common factor of 30 and 71810?
10
What is the highest common factor of 32022 and 63?
9
What is the greatest common divisor of 2482 and 99426?
146
Calculate the highest common factor of 865331 and 563.
563
Calculate the highest common factor of 67690 and 10.
10
What is the highest common factor of 2080 and 848224?
416
What is the highest common factor of 5609 and 497?
71
Calculate the greatest common factor of 5505 and 105.
15
What is the highest common factor of 8349 and 288585?
363
Calculate the highest common divisor of 39512 and 3586.
22
What is the highest common factor of 2616 and 41529?
327
What is the highest common divisor of 1216 and 2736?
304
Calculate the greatest common divisor of 540151 and 19.
19
Calculate the highest common factor of 3 and 57945.
3
What is the highest common divisor of 25000 and 6200?
200
What is the highest common factor of 384 and 1961472?
384
What is the greatest common divisor of 658 and 1836149?
329
Calculate the greatest common divisor of 84 and 52276.
28
What is the highest common divisor of 45 and 94515?
15
Calculate the greatest common factor of 3678 and 3440156.
1226
Calculate the highest common divisor of 865 and 162793.
173
What is the highest common factor of 1638681 and 187?
187
What is the highest common divisor of 1672 and 6644?
44
Calculate the greatest common divisor of 10472096 and 64.
32
Calculate the highest common divisor of 3300 and 4140.
60
What is the highest common divisor of 384228 and 117?
117
Calculate the greatest common factor of 9750 and 175.
25
What is the highest common factor of 327162 and 66?
66
What is the greatest common factor of 798 and 720860?
266
What is the greatest common factor of 2366497 and 658?
329
What is the highest common factor of 14690 and 585?
65
Calculate the highest common divisor of 573129 and 54.
27
What is the greatest common factor of 257267 and 2569?
367
What is the greatest common factor of 50 and 139770?
10
What is the highest common divisor of 120796 and 92?
92
What is the greatest common factor of 863002 and 126?
14
What is the highest common factor of 320 and 71040?
320
Calculate the greatest common divisor of 2563386 and 21.
21
Calculate the greatest common divisor of 52152 and 5248.
328
Calculate the greatest common divisor of 65205 and 1771.
161
What is the greatest common factor of 6314 and 4158?
154
What is the greatest common divisor of 506217 and 11039?
1577
What is the greatest common divisor of 367691 and 31493?
409
What is the greatest common divisor of 3456 and 800?
32
Calculate the greatest common divisor of 15 and 2084655.
15
What is the highest common factor of 13720 and 784?
392
Calculate the highest common divisor of 88 and 7282.
22
Calculate the greatest common factor of 148 and 172124.
148
What is the greatest common divisor of 54 and 29952?
18
Calculate the highest common factor of 550 and 425.
25
Calculate the highest common divisor of 456 and 393167.
19
Calculate the greatest common divisor of 513 and 364401.
171
What is the greatest common divisor of 13262 and 190?
38
What is the greatest common factor of 34775 and 130?
65
Calculate the greatest common divisor of 113736 and 31142.
1354
What is the greatest common factor of 49 and 152593?
7
What is the highest common divisor of 33198 and 66?
66
What is the greatest common divisor of 295 and 1035?
5
What is the greatest common divisor of 218616 and 288?
24
Calculate the highest common factor of 77762 and 531.
59
Calculate the highest common divisor of 336456 and 96.
24
Calculate the highest common factor of 11291 and 112.
7
What is the highest common factor of 94626 and 882?
126
What is the greatest common divisor of 7514 and 3978?
442
Calculate the highest common divisor of 989 and 11825.
43
Calculate the greatest common factor of 236 and 270751.
59
Calculate the greatest common divisor of 27934 and 1.
1
What is the greatest common divisor of 25023 and 1957?
19
What is the greatest common divisor of 20727 and 441?
441
What is the greatest common factor of 354666 and 312?
78
Calculate the highest common divisor of 69773 and 22.
11
Calculate the greatest common factor of 65516 and 7304.
44
Calculate the greatest common divisor of 13780 and 364.
52
What is the highest common factor of 504130 and 220?
110
Calculate the highest common divisor of 49582 and 52.
26
What is the highest common factor of 142808 and 5?
1
Calculate the greatest common divisor of 1320582 and 1068.
534
What is the highest common factor of 1197 and 7581?
399
Calculate the highest common factor of 1980 and 852480.
180
What is the greatest common factor of 744 and 48918?
186
Calculate the highest common divisor of 115 and 34753.
23
What is the highest common factor of 2684 and 21716?
244
What is the greatest common divisor of 486 and 143046?
162
Calculate the greatest common divisor of 594 and 8336493.
297
Calculate the greatest common divisor of 53 and 3488884.
53
Calculate the greatest common factor of 8 and 1099.
1
What is the greatest common divisor of 190 and 259882?
38
Calculate the highest common factor of 6 and 1324704.
6
Calculate the greatest common factor of 601 and 756659.
601
What is the highest common factor of 41380 and 380?
20
What is the highest common factor of 3947294 and 628?
314
What is the highest common divisor of 6 and 1731?
3
What is the greatest common divisor of 41 and 4387?
41
What is the highest common factor of 178215 and 60?
15
Calculate the highest common factor of 3797432 and 8224.
2056
What is the highest common factor of 325312 and 6624?
736
Calculate the greatest common factor of 420 and 10668.
84
What is the highest common factor of 448 and 2310?
14
Calculate the highest common divisor of 2350 and 15150.
50
What is the greatest common factor of 42 and 7972314?
42
What is the greatest common divisor of 483 and 21574?
161
What is the greatest common divisor of 6489 and 8001?
63
Calculate the greatest common factor of 330426 and 12.
6
What is the greatest common divisor of 513721 and 559?
559
Calculate the highest common divisor of 14425 and 50776.
577
What is the highest common factor of 1146 and 1447780?
382
What is the